
What is the hundred thousands digit of 206748?
2
What is the hundred thousands digit of 176180?
1
What is the tens digit of 1270710?
1
What is the thousands digit of 1991953?
1
What is the tens digit of 201829?
2
What is the tens digit of 4038527?
2
What is the units digit of 2449220?
0
What is the thousands digit of 6105522?
5
What is the thousands digit of 6593055?
3
What is the millions digit of 1899870?
1
What is the tens digit of 9266831?
3
What is the ten thousands digit of 103567?
0
What is the hundreds digit of 6974465?
4
What is the thousands digit of 5641?
5
What is the hundred thousands digit of 1456605?
4
What is the hundred thousands digit of 2304622?
3
What is the ten millions digit of 21215675?
2
What is the hundred thousands digit of 386896?
3
What is the hundreds digit of 1036773?
7
What is the ten thousands digit of 469373?
6
What is the ten thousands digit of 336698?
3
What is the tens digit of 594748?
4
What is the thousands digit of 343553?
3
What is the hundred thousands digit of 2259911?
2
What is the hundred thousands digit of 2732372?
7
What is the units digit of 276605?
5
What is the thousands digit of 163830?
3
What is the tens digit of 28990625?
2
What is the hundreds digit of 6110835?
8
What is the ten millions digit of 10386347?
1
What is the ten thousands digit of 395972?
9
What is the hundreds digit of 627508?
5
What is the thousands digit of 8599871?
9
What is the units digit of 4157288?
8
What is the hundred thousands digit of 365909?
3
What is the units digit of 283966?
6
What is the units digit of 54769?
9
What is the hundreds digit of 1839511?
5
What is the units digit of 27272094?
4
What is the units digit of 437507?
7
What is the thousands digit of 1287635?
7
What is the hundreds digit of 4687871?
8
What is the tens digit of 18790411?
1
What is the ten thousands digit of 306897?
0
What is the hundreds digit of 13893829?
8
What is the tens digit of 702803?
0
What is the units digit of 378249?
9
What is the hundreds digit of 34463589?
5
What is the tens digit of 29976500?
0
What is the thousands digit of 287967?
7
What is the hundreds digit of 3743259?
2
What is the thousands digit of 445394?
5
What is the units digit of 204414?
4
What is the tens digit of 47417?
1
What is the thousands digit of 2332960?
2
What is the units digit of 299644?
4
What is the hundred thousands digit of 791222?
7
What is the units digit of 1238495?
5
What is the hundred thousands digit of 1023278?
0
What is the hundred thousands digit of 2305341?
3
What is the hundreds digit of 162879?
8
What is the ten thousands digit of 101439?
0
What is the ten thousands digit of 880771?
8
What is the ten thousands digit of 210206?
1
What is the millions digit of 10512925?
0
What is the hundreds digit of 528067?
0
What is the thousands digit of 255962?
5
What is the ten thousands digit of 8301544?
0
What is the ten thousands digit of 9464924?
6
What is the ten thousands digit of 1605051?
0
What is the tens digit of 383339?
3
What is the tens digit of 9357?
5
What is the millions digit of 6172977?
6
What is the tens digit of 3221244?
4
What is the thousands digit of 79862?
9
What is the hundreds digit of 607944?
9
What is the hundreds digit of 3000725?
7
What is the thousands digit of 6650?
6
What is the thousands digit of 2379829?
9
What is the hundreds digit of 239640?
6
What is the millions digit of 4403422?
4
What is the hundreds digit of 13893099?
0
What is the units digit of 357781?
1
What is the units digit of 2545875?
5
What is the hundred thousands digit of 778291?
7
What is the ten thousands digit of 57995?
5
What is the units digit of 3293459?
9
What is the thousands digit of 465571?
5
What is the tens digit of 557757?
5
What is the millions digit of 16707378?
6
What is the thousands digit of 116839?
6
What is the hundreds digit of 1293106?
1
What is the ten thousands digit of 268790?
6
What is the hundred thousands digit of 944705?
9
What is the units digit of 352734?
4
What is the tens digit of 16305808?
0
What is the thousands digit of 672974?
2
What is the ten thousands digit of 1214188?
1
What is the thousands digit of 9716952?
6
What is the ten thousands digit of 337952?
3
What is the ten thousands digit of 1698143?
9
What is the units digit of 370930?
0
What is the units digit of 1032492?
2
What is the units digit of 4042290?
0
What is the millions digit of 1951608?
1
What is the hundreds digit of 6301306?
3
What is the hundreds digit of 5128058?
0
What is the thousands digit of 1147304?
7
What is the hundred thousands digit of 2492422?
4
What is the hundred thousands digit of 8274117?
2
What is the millions digit of 7415672?
7
What is the ten thousands digit of 404367?
0
What is the ten thousands digit of 7566407?
6
What is the units digit of 2368446?
6
What is the hundreds digit of 17567227?
2
What is the tens digit of 657852?
5
What is the thousands digit of 33308865?
8
What is the hundred thousands digit of 511729?
5
What is the hundred thousands digit of 41881110?
8
What is the hundreds digit of 54603?
6
What is the tens digit of 215673?
7
What is the units digit of 737577?
7
What is the thousands digit of 2502660?
2
What is the hundred thousands digit of 3109021?
1
What is the ten thousands digit of 1096038?
9
What is the thousands digit of 323772?
3
What is the units digit of 4477533?
3
What is the thousands digit of 593876?
3
What is the hundreds digit of 609523?
5
What is the hundred thousands digit of 2842178?
8
What is the hundred thousands digit of 129640?
1
What is the millions digit of 1087370?
1
What is the thousands digit of 10804296?
4
What is the units digit of 943477?
7
What is the tens digit of 547491?
9
What is the hundreds digit of 3657378?
3
What is the tens digit of 1244836?
3
What is the units digit of 3369629?
9
What is the ten thousands digit of 216811?
1
What is the ten thousands digit of 623987?
2
What is the ten thousands digit of 12805813?
0
What is the units digit of 191490?
0
What is the hundreds digit of 295900?
9
What is the tens digit of 46833?
3
What is the hundred thousands digit of 826222?
8
What is the units digit of 26362492?
2
What is the thousands digit of 246558?
6
What is the thousands digit of 394422?
4
What is the tens digit of 839291?
9
What is the hundred thousands digit of 1792933?
7
What is the thousands digit of 19145252?
5
What is the thousands digit of 3092466?
2
What is the hundred thousands digit of 4051276?
0
What is the thousands digit of 25247070?
7
What is the units digit of 567581?
1
What is the tens digit of 20354127?
2
What is the millions digit of 11260399?
1
What is the hundred thousands digit of 1385178?
3
What is the ten thousands digit of 7496520?
9
What is the millions digit of 7929921?
7
What is the units digit of 2098328?
8
What is the hundreds digit of 10242085?
0
What is the millions digit of 4046412?
4
What is the tens digit of 251217?
1
What is the hundred thousands digit of 4448414?
4
What is the thousands digit of 824097?
4
What is the tens digit of 100581?
8
What is the hundred thousands digit of 6732987?
7
What is the hundreds digit of 1488207?
2
What is the tens digit of 3058653?
5
What is the thousands digit of 9761661?
1
What is the millions digit of 3768307?
3
What is the tens digit of 2321146?
4
What is the hundreds digit of 7629199?
1
What is the hundred thousands digit of 1711231?
7
What is the millions digit of 9865385?
9
What is the thousands digit of 2251771?
1
What is the tens digit of 21852669?
6
What is the ten thousands digit of 470048?
7
What is the hundred thousands digit of 25718093?
7
What is the ten thousands digit of 426575?
2
What is the hundreds digit of 525937?
9
What is the units digit of 172059?
9
What is the units digit of 688185?
5
What is the millions digit of 3105304?
3
What is the thousands digit of 928188?
8
What is the hundreds digit of 1816946?
9
What is the hundred thousands digit of 850641?
8
What is the ten thousands digit of 362815?
6
What is the hundreds digit of 1752307?
3
What is the units digit of 9415287?
7
What is the units digit of 523252?
2
What is the thousands digit of 983599?
3
What is the units digit of 16069529?
9
What is the millions digit of 2960171?
2
What is the hundred thousands digit of 3